13*h - 31. Calculate the remainder when o(14) is divided by m.
15
Suppose -80 = s + 4. Let q = -66 - s. Let i = -102 + 153. What is the remainder when i is divided by q?
15
Let f(m) = m**2 - 6*m + 8. Let r(y) = y**2 + 5*y + 10. Let n be 2/4 + (-2)/(-28)*49. Calculate the remainder when r(n) is divided by f(6).
6
Let j = 1192 - 1187. What is the remainder when 436 is divided by j?
1
Suppose w = -102*c + 105*c + 29, -3*w = -c - 47. What is the remainder when 3834 is divided by w?
12
Let s = 7984 - 7947. Suppose 2*h - 130 = 7*h. Let q = s + h. Calculate the remainder when 25 is divided by q.
3
Let f be 1168/2 + 1 - (-6 + 3). Suppose f = -6*a - a. Let p = a + 149. What is the remainder when p is divided by 17?
14
Let q be (-7 + (7 - -1))*5/1. Suppose -q*a + 41 = -2*r + 119, 5*r + 3*a = 164. What is the remainder when 59 is divided by r?
25
Let d(k) = 7*k**2 + 4*k - 21. Let c(b) = b**2 + b. Let z(x) = 6*c(x) - d(x). What is the remainder when (18/45)/((-2)/(-410)) is divided by z(0)?
19
Suppose 3*j - 13 - 2 = 0. Let w be (-5)/j*1 - (1 + -127). Calculate the remainder when 28 is divided by (2/5)/(5/w).
8
Let j(z) = -z**3 - 7*z**2 + 39*z - 148. What is the remainder when j(-14) is divided by 64?
38
Let r(z) = -z**2 - 213 + z + 215 - 2*z + 2*z**2. Let t(d) = -12*d - 6. What is the remainder when t(-3) is divided by r(-2)?
6
Suppose 3*k + 115 = -86. Let p be 19/(38/446) - (2 - -1). Let v = p + k. What is the remainder when v is divided by 14?
13
Calculate the remainder when -1*-182*(-700)/(-40) is divided by 357.
329
Let x(j) = 8*j**2 - 5*j + 1. Let m be x(1). Suppose -t + 9 = -m*t. What is the remainder when 40 is divided by 85/4 - t/(-18 - -6)?
19
Let h be -6*((-11)/(-2))/(-1). Let u = -44 + h. Let b = 54 + u. What is the remainder when b is divided by 22?
21
Let q(y) be the first derivative of -y**4/2 + 32*y**3/3 + y**2/2 + 13*y - 21. Calculate the remainder when 110 is divided by q(16).
23
Suppose 5*j - 3*w - 40 = 0, 0*w + 35 = 2*j - 5*w. Let k = 14 + j. What is the remainder when 53 is divided by k?
15
Suppose -6 = -q + 6. Suppose 7755 = -4*k + 7879. What is the remainder when k is divided by q?
7
Let k = 1382 - 1370. Let a = 0 + 33. Calculate the remainder when a is divided by k.
9
Let a = 73 - 70. Suppose 3*i + q - 34 = 5*q, -a*q - 18 = -i. Suppose i*h - 271 = 227. What is the remainder when h is divided by 43?
40
Suppose -3*z = -2*l - 274, 3*l - 152 = 4*z - 561. Let i = l + 161. Calculate the remainder when i is divided by 4.
2
Let s = 98 - 62. Suppose 6*h = 11*h - 20. What is the remainder when 137 - (2*-4)/h - -4 is divided by s?
35
Let c = -4 + 7. Suppose 2*g - z = 9, 2*z = g + c*z - 3. Suppose 118 = 4*f + g*n + n, 5*n + 44 = 2*f. Calculate the remainder when 133 is divided by f.
25
Let m be 10/(-35) - (-121)/7. Calculate the remainder when 3/(-2)*(-144)/8 is divided by 2/(-3)*(22 - m)*-3.
7
Calculate the remainder when 355 is divided by 7/42 - ((-12)/48)/((-3)/(-898)).
55
Calculate the remainder when 219 is divided by ((-10)/(-4))/(11 + (-1755)/160).
59
Let t = -20 - -36. Suppose -3*r + 18 - 66 = 0. Let z(y) = y**2 + 14*y - 5. Calculate the remainder when z(r) is divided by t.
11
Suppose -v + 10 + 13 = -3*s, 0 = -v - s + 11. Suppose 10*h - 8*h + 4*p = v, -4*h - 4*p + 44 = 0. Calculate the remainder when 40 is divided by h.
10
What is the remainder when 10289 is divided by 39 + 2656/80 - ((-8)/(-5))/(-2)?
69
Suppose -2242*k + 19536 = -2226*k. Calculate the remainder when k is divided by 17.
14
Let y = 18 + -74. What is the remainder when (0 - y)*(-10)/(-36)*9 is divided by 13?
10
Suppose -3*b - 5*z + 196 = 0, 5*z - 10 = -0*z. Let h = -76 + 119. Let v = -27 + h. Calculate the remainder when b is divided by v.
14
Let g = 137 - 56. Let z be 4*165/99*(-36)/(-10). What is the remainder when g is divided by 516/z - (-1)/2?
15
Let w = -422 + 423. Let g(b) = 37*b - 4. What is the remainder when 95 is divided by g(w)?
29
Let d(g) = 3*g**2 - 103*g + 36. Let l be d(34). What is the remainder when 131 is divided by l/(-7) - (289/(-7) + 2)?
14
Let n(q) = 4*q**3 - 7*q**2 - 68*q + 19. Suppose 0*g - 516 = -4*g. What is the remainder when g is divided by n(5)?
1
Suppose 86 = 5*b - 4*b. What is the remainder when b is divided by (-391)/(-34)*(-2)/(-1)?
17
Let w(a) = -5*a**2 - 163*a - 197. What is the remainder when w(-16) is divided by (-1 - 3*-18) + (-1)/(-1)?
51
Let v = 31519 - 30036. Calculate the remainder when v is divided by 12.
7
Let p(v) = -113*v - 598. Calculate the remainder when p(-7) is divided by 191.
2
Let a be (-158)/2 - 5/((-15)/12). What is the remainder when 35 is divided by a/(-4) + ((-9)/(-3))/12?
16
Suppose -3*f = -803 - 22. Suppose d + 280 = 5*d. What is the remainder when f is divided by d?
65
Suppose -11*c + 6*c + 90 = -4*j, -3*c - 3*j = -54. Calculate the remainder when 175 is divided by c.
13
Let u(k) = 10*k**2 - 86*k + 469. Calculate the remainder when u(5) is divided by 276.
13
Let y = 47 + -39. Calculate the remainder when y is divided by 1/2*13*36/78.
2
Suppose 3433*x = 3441*x - 10952. Calculate the remainder when x is divided by 7.
4
Suppose 0*y - 230 = 5*y. Let n = y - -25. Calculate the remainder when (-3 - 0)*(n + -4) is divided by 19.
18
Suppose 2*y + 4*f + 167 = -23, -5*y = 5*f + 485. Let l = 118 + y. What is the remainder when 168 is divided by l?
16
Calculate the remainder when ((-1287)/5)/((-534)/2670) is divided by 172.
83
Suppose -2*b - 4*y + 1867 = 635, -4*b = 3*y - 2439. Let l = -423 + b. Calculate the remainder when l is divided by 17.
13
Let f = 24 + -15. What is the remainder when f/(-54) + 1574/12 is divided by (-5 - 51/(-12))/(1/(-16))?
11
Suppose 0 = 5*x - 5*h + 6*h + 7, -4*h + 14 = -x. What is the remainder when 60 is divided by 16*3/((-6)/x)?
12
Let k(h) = h**3 - h**2 + 5*h + 3376. Calculate the remainder when k(0) is divided by 130.
126
Let z(q) = q**2 - 13. Let g be z(6). Let n = -9 + g. Let s(y) = 3*y - 11. What is the remainder when s(n) is divided by 12?
7
What is the remainder when ((-2)/4)/(1/(-990)) is divided by 124?
123
Let k = -1369 - -1663. Calculate the remainder when k is divided by 150.
144
Let r = 153 - 125. Suppose 93*i = -50*i + 22308. Calculate the remainder when i is divided by r.
16
Calculate the remainder when 8802 is divided by 30 + (-2353)/78 + (-374)/(-12).
29
Let d = 949 - 1575. Let j = 658 + d. What is the remainder when 69 is divided by j?
5
Suppose 13 = -4*h + 37. Let s be (-8)/36 - (-1200)/54. Let r = s + -13. What is the remainder when r is divided by h?
3
Suppose -2*a = 3*v - 14, 3*a + 0*v = 3*v - 9. Suppose -7*o + 6*o = -a, -4*o - 88 = -4*n. What is the remainder when 74 is divided by n?
5
Suppose u = -19*u - 15*u + 15575. What is the remainder when u is divided by 163?
119
Let y = -3162 + 3880. What is the remainder when y is divided by 9?
7
Suppose -1384*j + 1343*j + 2583 = 0. What is the remainder when 341 is divided by j?
26
Suppose 5*i - 1184 = 2*w, -2*i + 3*w + 229 = -i. Let x(r) = -3*r**3 + 17*r**2 + 14*r - 90. Calculate the remainder when i is divided by x(5).
28
Suppose -93*h + 8603 - 4449 = -4123. Calculate the remainder when 476 is divided by h.
31
Let i be (8*-1)/((-2)/5). Suppose 0 = o - 0*o - i. Calculate the remainder when (20/(-30)*21 - -100) + 13 is divided by o.
19
Let o(p) = -3*p**3 + 2*p + 16 + 4*p**3 + 10*p**2 + 7*p. Let x = 269 - 206. What is the remainder when x is divided by o(-9)?
15
Suppose 41*l - 37*l = 0. Suppose -t + 477 = x - 4*t, 0 = -3*x + 4*t + 1406. Suppose -12*i + i + x = l. What is the remainder when i is divided by 11?
9
Let v be 166/(-8) + 75/100. What is the remainder when 140 is divided by v/(-4)*92/10?
2
Calculate the remainder when (-4)/18 + (-72711)/(-2916)*12 is divided by (-819)/(-33) - (-18)/99.
24
Let x(z) be the first derivative of -13*z**2/2 + 26*z + 133. What is the remainder when 35 is divided by x(0)?
9
Suppose 3*u + 16104 = 3*l, 4*l + 62*u - 61*u = 21507. What is the remainder when l is divided by 19?
17
Let q be 7/2*64/112. Let l(a) = 61*a**2 - 2*a + 2. What is the remainder when l(q) is divided by 35?
32
Suppose -n = -4*o - 1472, 0 = 4*o - 3*o - 3*n + 368. What is the remainder when 144 is divided by (-96)/160 + o/(-5)?
71
Let a(i) = 4*i - 10. What is the remainder when ((-32)/(-10))/((-52)/(-3380)) is divided by a(6)